t y = g + i. What is the units digit of y?
8
Let t(r) = -r**2 - 8*r - 4. Let u be t(-7). Suppose 2*x - 10 = -u*x. What is the tens digit of 1 - 1 - (-30)/x?
1
Suppose -2*o + 4 - 16 = 0. Let h be (1/2)/(o/(-24)). Suppose 0 + 20 = h*q. What is the units digit of q?
0
Let a(x) = -x**3 + x. Let l be a(-4). Suppose -5*p + 0*p + l = 0. What is the tens digit of p?
1
Let j(u) = 5*u + 8. What is the tens digit of j(6)?
3
What is the units digit of 8525/22 + 2 + 7/(-2)?
6
Let v(n) = 3*n**2 + 3*n - 1. What is the units digit of v(4)?
9
Let s = 6 + -3. Suppose 5*q = 5*i - 0*i - 10, 2*q - 11 = -s*i. What is the units digit of q?
1
What is the units digit of 23 + (7/4 - (-3)/12)?
5
Let y be (-1 - -1)/(1 + 1). Suppose y = -l - 4*d + 12 + 19, 3*l = -d + 49. What is the tens digit of l?
1
Suppose -10 = n - 3*f, 15 = 2*n + 2*f - f. Suppose 0 = -4*s + 5*k + 20 + 3, n*s - 30 = 5*k. What is the units digit of s?
7
Let d be (4/6)/(16/(-216)). What is the tens digit of (30/d)/(4/(-42))?
3
Let k be (-3 - -2)/(3/(-177)). Suppose 11 = -2*f + k. What is the tens digit of f?
2
Let m(z) = z**3 + z. Let v be m(2). Let a = v - 6. Suppose -4*y + 20 = -3*x, -4*x = -3*x - a. What is the units digit of y?
8
Let h = 0 + 27. What is the tens digit of h?
2
Let n(y) = y**2 + 4*y + 2. Suppose -4*p = 19 - 55. Let s(g) = 3*g**2 + 17*g + 8. Let v(m) = p*n(m) - 2*s(m). What is the tens digit of v(-2)?
1
Let m be 3/5 + (-435)/(-25). What is the units digit of (m/(-8))/(33/(-352))?
4
Let u = -5 - -4. Let v(x) = x**3 - x**2 - 2*x - 1. Let p be v(u). Let o = p + 4. What is the units digit of o?
3
Let f(c) be the first derivative of 2*c**3/3 - c**2/2 + 2*c + 2. Let d be f(2). Suppose 4*h - 3*h = d. What is the units digit of h?
8
Let s = 1 - 0. Suppose -5*d = -4 - s. What is the units digit of ((-7)/d)/((-3)/6)?
4
Let x(g) = 14*g + 3. Suppose -2*k + 5*k - 12 = 0. Let p be x(k). Suppose -3*j - q + 34 = -0*q, 4*q - p = -5*j. What is the tens digit of j?
1
Let l(d) = d - 2. Suppose 2*y + 1 = 27. Let w = y + -9. What is the units digit of l(w)?
2
Suppose 0 = d + 5*k - 120, -4*k - 43 - 267 = -2*d. What is the units digit of d?
5
Let a = 3 - -1. Suppose -2*j - 5*x - 18 = 0, a*j + 0*x + x = 0. What is the units digit of -1*(0 + -3)/j?
3
What is the units digit of 131/3 + 2/(-3)?
3
Suppose 3*j - 5 = -r, 5*j - 3*r + 2*r - 3 = 0. What is the units digit of 3/j*70/15?
4
Let k = 5 - 3. Suppose -2*b + 22 = k. What is the tens digit of b?
1
Let n(h) = -h - 3. Suppose 2*r - 2*b = 24, -r - 4*b = -8 - 9. Suppose -2*k - 7 = -0*k - 5*v, 2*k = -v - r. What is the units digit of n(k)?
3
Suppose -3*z + 70 = -z. What is the units digit of z?
5
Let w be 36/2*3/3. Let d = -5 + w. What is the units digit of d?
3
Let u(t) = 7*t + 2 - 2. Let h be u(3). Suppose -3*k = 3*s - h, k - 4*s = -2*k + 14. What is the units digit of k?
6
Let m = 15 + -17. What is the tens digit of (-66)/m - 5/5?
3
Let o be 6/8 + 6/(-8). Let b(u) = o + 3*u - u - 1. What is the units digit of b(2)?
3
Suppose 0*p = 4*p - 224. What is the tens digit of p?
5
What is the tens digit of 2/3*(-213)/(-2)?
7
Let c = 9 + -5. Let a(r) = -2 - 4 + r + 4 - 1. What is the units digit of a(c)?
1
Let g(o) = -o**3 - 5*o**2 - 4*o. Let y be g(-4). Suppose 4*n = -16, 2*x - 3*n - 16 = -y*x. What is the units digit of (-1 - x) + 4 - -3?
4
Let t(g) = -g**3 + 4*g**2 + 3*g - 3. Let z be t(4). Let w = z + -8. What is the units digit of w?
1
Suppose t = p - 49, -3 - 1 = -t. What is the tens digit of p?
5
Let z be (3 + (-3 - -5))/1. What is the units digit of (z - 6) + 3*1?
2
Let w be (-20)/(-11) + 22/121. Suppose -w*s + 36 = -s. What is the units digit of s?
6
Let l = 19 - 13. Suppose -c + p + 5 = -l*c, 0 = 2*c + 3*p - 11. What is the units digit of c/(48/(-15) - -3)?
0
Suppose 3*i = 5*i + 32. Let g = 47 + i. What is the units digit of g?
1
Let x = 24 + 46. What is the units digit of x?
0
Let g(x) = 5*x**3 + 24*x**2 + 5*x - 19. Let b(l) = -l**3 - 6*l**2 - l + 5. Let r(v) = -9*b(v) - 2*g(v). What is the tens digit of r(5)?
1
Suppose -2*i + 5*u - 133 = -5*i, 2*u + 232 = 5*i. What is the units digit of i?
6
Let b = 9 + -6. Let x = 4 + b. What is the units digit of x?
7
Let x(g) be the second derivative of g**5/30 - g**4/24 + g**3/3 + g. Let v(t) be the second derivative of x(t). What is the units digit of v(2)?
7
Suppose -2*z - 75 - 37 = 0. What is the units digit of (-5)/(-2)*z/(-10)?
4
Suppose -222 - 164 = -3*d - 5*m, 2*d - 258 = -3*m. What is the hundreds digit of d?
1
What is the hundreds digit of (18 - 22)*(0 - 197/4)?
1
Let v be 8 - (0 + 0)/(-2). Suppose -v = -b - 0. Suppose -2*n = -b, i + 6 = 3*i - 2*n. What is the units digit of i?
7
Suppose -3*m - 3*c = -7*m + 51, m - 4*c - 3 = 0. Let g = m + 5. What is the units digit of g?
0
Let r = -10 - -15. Suppose -7 + 22 = -r*v, 0 = 4*f - 2*v - 62. What is the tens digit of f?
1
Suppose 12 = 4*g - 0*g. Let t be (2 + -1)*-1 + g. Suppose -7*i = t*l - 3*i - 16, i - 16 = -2*l. What is the units digit of l?
8
Let d be (-2)/6 + 66/9. Suppose -d*j + 2*j = -40. What is the units digit of j?
8
Let w(j) be the first derivative of j**3/3 - 6*j**2 - 13*j + 2. Let t be w(9). Let i = -23 - t. What is the units digit of i?
7
Let l(m) = 4*m. Let u be l(-1). Let n be (5 - -1)*(-2)/u. Suppose -n*z = -0 - 6. What is the units digit of z?
2
Suppose -2*r + 42 = 2*w, w - r - 23 - 2 = 0. What is the units digit of w?
3
Let m(b) = -b**2 + 6*b - 1. Let u be m(6). Suppose f = -r + 1, -2*f + 0*r = 3*r - 6. Let n = u - f. What is the units digit of n?
2
Suppose 0 = -4*r - i + 581, -4*i - 502 = -5*r + 198. What is the tens digit of r?
4
Suppose 7*m + 25 = 109. Let o be (-32)/(-6)*18/4. Suppose -6*l + o = -2*l - 4*n, -l + 4*n + m = 0. What is the units digit of l?
4
Let k = 6 - 11. Let n(w) = 7*w + 20. Let s be n(-11). What is the tens digit of s/k + (-2)/5?
1
Let y be (0 + 1)*(-4 + 7). Suppose 0 = 2*l + 3*l - 15, 0 = y*s - l - 24. What is the units digit of s?
9
Let t(g) be the third derivative of -g**6/120 + g**5/12 + 3*g**4/8 - g**3/2 + g**2. Let s(r) = -r**2 + 7*r. Let i be s(6). What is the units digit of t(i)?
5
Let i = 49 + -19. Suppose 5*s - i = 55. What is the tens digit of s?
1
Let b(f) be the third derivative of -f**4/24 - f**3/6 - 2*f**2. Let o be b(3). What is the units digit of ((-8)/4)/(o/6)?
3
Suppose 0 = -3*b - 3. Let y(k) = k**3 - k - 1. Let s be y(b). What is the tens digit of 0 - s - -8 - -1?
1
Let h(x) be the second derivative of -x**5/20 + x**4/2 + 4*x**3/3 - 2*x**2 - x. Let d be h(7). Suppose 3*j - 9 = d. What is the units digit of j?
4
Let i be 6/(-15) + 33/(-5). Let c(u) = u**2 + 6*u + 3. Let w be c(i). Suppose -3*o = -23 - w. What is the tens digit of o?
1
Let k(g) = -6*g**2 + 1. Let m(b) = b**2. Let s(j) = -k(j) - 4*m(j). Let v be s(1). What is the units digit of 4 + 2*(-2 + v)?
2
What is the tens digit of 4*(5/5 - -10)?
4
Let u(f) = f**2 + 4*f - 9. Let k be u(6). Suppose 3*a + 0*a - k = 0. Suppose a = 4*y + 3*p - 3, -5*y = -3*p - 25. What is the units digit of y?
5
Let v be (-10)/(-15) + 13/3. Suppose -184 = -7*o + v. What is the units digit of o?
7
Let p be 10/((-5)/(100/8)). Let a = p + 45. What is the units digit of a?
0
Let k(s) = -s**3 + 4*s**2 - 2*s - 1. Let t be k(2). What is the units digit of 2 + (t - (0 + 0))?
5
Let y(r) = 2*r**2 - 12*r + 2. Let d be y(8). Suppose 2*z = 2*c + d, 4*z + 3*c = 6*c + 67. What is the tens digit of z?
1
Let i be 6/((-1)/(-2)*-3). Let o(h) = -3*h + 1. What is the units digit of o(i)?
3
Let r be 14*(-2 - 1/2). What is the units digit of (-763)/r + (-1)/(-5)?
2
Suppose 4*t - 2*m = 2*m + 796, 406 = 2*t - 4*m. What is the hundreds digit of t?
1
Let z = -46 + 70. What is the units digit of z?
4
Let y = -8 - -23. Let k = 24 - y. What is the units digit of k?
9
Let m(b) = b**3 - 8*b**2 - 9*b. Let k be m(9). Suppose k = -2*y - y. Suppose 2*v = -y*v + 2. What is the units digit of v?
1
Let m(v) = v**3 + 24. Let t be m(0). Suppose t = -0*o - 4*o. Let z = 15 + o. What is the units digit of z?
9
Let a(n) = n**3 + 8*n**2 + 7*n + 6. Let k be a(-7). Let w be (-3)/(1 + 0) + k. Suppose -4*d - 4*l - 5 = d, -4*d - w = 3*l. What is the units digit of d?
3
Let q(i) = -i**3 - 13*i**2 - 13*i + 17. Let y be q(-12). Suppose -3*c = -4 - y. What is the units digit of c?
1
Let x be 3*5*4/5. What is the units digit o